en p is divided by 86.
17
Suppose -4*d - 36 + 8 = 0. Let k = d + 225. What is the remainder when k is divided by 57?
47
Let b be (-52)/((40 - 38)/((-8)/2)). Calculate the remainder when 7608/b + 12/(-78) is divided by 39.
34
Suppose -o = -l + 466, -3*o - 1864 = -2*l - 2*l. Calculate the remainder when 116 is divided by 15 + (-1268)/84 + l/42.
6
Suppose -348 - 661 = -30*z + 611. Calculate the remainder when 126 is divided by z.
18
Let l(b) = b**3 - 2*b**2 - b + 5. Suppose -4*w - 2*c - 11 - 27 = 0, 5*c = -2*w - 39. Calculate the remainder when -9*(154/(-21) + w) is divided by l(4).
30
Let o(h) = 2*h**3 + h**2 - 5*h - 3. Let q be o(-2). Let d(n) = -56*n - 66. What is the remainder when d(q) is divided by 8?
6
Suppose 249*q - 270*q + 6132 = 0. Calculate the remainder when q is divided by 12.
4
Suppose 4*z + u = 21, -3*u + 4 = -3*z + 16. Suppose 258 = z*o - 2*f, -f = 2*o - 26 - 70. What is the remainder when 210 is divided by o?
10
Let y = 504 - 104. Suppose -3*o = o - y. Suppose 0*h = 5*h - o. What is the remainder when 59 is divided by h?
19
Suppose 0 = y + 14 - 17. Suppose -116 - 50 = -2*n - 5*x, -y*n = -2*x - 211. What is the remainder when n is divided by 19?
16
Let g = -11376 - -11849. What is the remainder when g is divided by 1?
0
Let i = -346 + 336. Calculate the remainder when 11 is divided by i/(-3)*(2 + (-52)/65).
3
Let w be -14*((-10)/(-25))/(8/(-10)). Let s(g) = g**2 + 6*g - 22. What is the remainder when s(w) is divided by 18?
15
Suppose -4*a + 53 = -o, 4*o - 68 = -4*a - 0*o. Let t(y) = -y + 69. What is the remainder when t(a) is divided by 13?
3
Let j(g) = -4*g - 20. Suppose -y + 0*y = 0. Suppose o - 2*o - 13 = y. What is the remainder when 221 is divided by j(o)?
29
Suppose -13695 = -153*s + 98*s. Calculate the remainder when s is divided by 54.
33
Suppose 22*q + 11*q = 3*q + 240. Calculate the remainder when 50 is divided by q.
2
Suppose 3*g - g + 72 = 2*v, v + 2*g = 27. What is the remainder when v is divided by (24/(-54) + 2)/((-4)/(-36))?
5
Suppose 15*h - 11264 = 37*h. Let n = 553 + h. Calculate the remainder when 140 is divided by n.
17
Let d = -386 + 391. Suppose 0 = -5*q + d*h + 335, 1 = -h - 1. What is the remainder when 188 is divided by q?
58
Let f = -6 + 8. Suppose 4*l = 135*m - 137*m + 8, -l + 2 = -3*m. Suppose 10 - f = l*t. What is the remainder when 6 is divided by t?
2
Suppose -4*d - 3*r + 7312 = 0, 0 = -5*d - 245*r + 248*r + 9140. What is the remainder when d is divided by 61?
59
Let i(r) = -100*r - 64. Calculate the remainder when 620 is divided by i(-1).
8
Let s(u) = -u**2 + 10*u - 12. Let t be s(8). Let q(y) = -692 + 3*y**2 + 697 + 3*y - t*y. Calculate the remainder when q(6) is divided by 27.
26
Let n(z) = -24*z + 789. Calculate the remainder when 75 is divided by n(31).
30
Suppose 7*d = -24 + 52. Suppose -5*j + 3*j + 41 = 5*h, -2*j - d*h + 36 = 0. What is the remainder when 21 is divided by j?
5
Let k = -7 - -17. Suppose -b = 2*v + 2*b + k, -5*b = 0. Calculate the remainder when 114 is divided by (v - -2)*2/((-18)/87).
27
Suppose -964*u = -929*u - 1925. Calculate the remainder when u is divided by 42.
13
Suppose 23 = 2*m + 164*d - 161*d, -d - 11 = -2*m. What is the remainder when 1138 is divided by m?
4
Let c be 6/(-10) + 7252/70. Let j(f) = 10*f**3 + f - 1. Let d be j(2). Let r = c - d. What is the remainder when 131 is divided by r?
21
Let k(f) = f - 18. Let d be k(14). Let c be 2/(2*d/(-20)). Suppose 46 = -0*o + o + 5*y, -c*o = 5*y - 130. Calculate the remainder when o is divided by 4.
1
Let m be 7940/35 + (-7)/(-49). Let z = m + -218. What is the remainder when 15 is divided by z?
6
Let j(i) = 4*i**2 + 4*i + 4. Calculate the remainder when j(5) is divided by (4394/78 + -39)*9/6.
20
Let p be (-6)/(-21) - 3/((-21)/(-1409)). Let b = p - -13. Calculate the remainder when (10/15 - 1)*(-1 + b) is divided by 22.
19
Calculate the remainder when 285 is divided by (15/(-10))/((-3)/2) + 40.
39
Suppose -6*c = 36*c + 9*c - 33711. What is the remainder when c is divided by 109?
7
Suppose -q - 55 + 210 = -b, 4 = b. What is the remainder when q is divided by 40?
39
Suppose -b - i + 94 = -4*i, -2*b + 238 = 4*i. Suppose 5*j + 20 = 0, 3 = -2*t + 4*j + b. Calculate the remainder when 90 is divided by t.
0
Suppose -2*o - 3*o - x = -6, 2*o = -2*x + 4. Let q = 7 - o. Suppose -3*u = -q*u + 39. What is the remainder when 51 is divided by u?
12
Suppose 0 = 5*z - 25, -2*z - 86 - 36 = -3*i. Suppose 1017 = i*m + 357. What is the remainder when 126 is divided by m?
6
Suppose -19*w = 117*w + 133*w - 9684. Suppose -7 = -5*x - m - 0, -2*x + 3*m + 13 = 0. Suppose -9 - 29 = -x*r. Calculate the remainder when w is divided by r.
17
Suppose -12986 = 26*z - 4432. Let g = z - -385. What is the remainder when 165 is divided by g?
53
Let w = -272 - -274. Let o(z) = 45*z**2 - 4*z + 7. What is the remainder when o(w) is divided by 64?
51
Let n = 12 - 0. Suppose -2*o = -2*y + 18, -1 = -o - y - 2. Let d(x) = -x**2 - 12*x - 28. Calculate the remainder when n is divided by d(o).
5
Let t(b) = -52*b + 3. Suppose 0 = -4*s - 0 - 4. Let j be 5/(-5)*(2 + s). Calculate the remainder when t(j) is divided by 29.
26
Let m(q) = 456*q + 1977. What is the remainder when m(3) is divided by 145?
10
Suppose -9*s + 283 = -1472. Calculate the remainder when 156 is divided by (30/s - 30/26)*-41.
33
Suppose -3*n - 2*o = 47, -8*o = -3*o - 25. Let l be (n - -9)*(-2)/4. Suppose 0 = -5*y - l*u + 2 + 138, 16 = 4*u. What is the remainder when y is divided by 9?
6
Suppose g + 38 = 92 - 40. Let t = -63 + 98. Calculate the remainder when t is divided by g.
7
Calculate the remainder when (-90)/(-16)*1348536/1449 is divided by 54.
51
Let s = -431 - -436. Suppose -7*m = -3*m + k - 1748, 2182 = s*m + 2*k. Calculate the remainder when m is divided by 49.
46
Suppose 4*c + 6*r = 2*r + 280, 2*r + 79 = c. Calculate the remainder when 299 is divided by c.
7
Let n = 62 + -47. Suppose 2*c + 2*a - n = -1, c + 2*a = 10. Suppose c*u - 42 = 10. Calculate the remainder when 64 is divided by u.
12
Calculate the remainder when 327 is divided by 70 + 8/((-120)/(-195)).
78
Let l(z) = z**2 + 13*z + 9. What is the remainder when ((-46020)/(-1170)*3/8)/((-1)/(-4)) is divided by l(-13)?
5
Suppose 0 = 23*j - 254659 + 254176. Let p = -25 + 36. Calculate the remainder when j is divided by p.
10
Let i(h) = -h**2 - 8*h + 4. Let c be i(-8). Let d = c + 0. Suppose -18 = -d*w + w. Calculate the remainder when 17 is divided by w.
5
Let h(p) = 19*p**3 + 300*p - 299. Calculate the remainder when 49 is divided by h(1).
9
Let n(j) = 2*j**2 - 3*j + 3. Let a be n(2). Suppose -4*y + 40 = 4*c, 3*y - a*c = 3 + 67. Let b = 1890 - 1847. Calculate the remainder when b is divided by y.
13
Let r(s) = -53*s**2 + s + 4. Let f be r(-1). Let t = -1 - f. Calculate the remainder when 240 is divided by t.
44
Let v(j) = -j**2 + 113*j + 404. Suppose q - 14 = -3*o, 0 = q + 2*q + 4*o - 47. Calculate the remainder when v(116) is divided by q.
5
Suppose 0 = 2*l - 5*s + 23, 20 = 7*l - 2*l + 3*s. Let v(b) = -3 - 9*b + 2*b - 1 - l. What is the remainder when 44 is divided by v(-2)?
8
Let m(r) = -22*r + 4. Calculate the remainder when m(-5) is divided by (416/(-44) - -4)/(40/(-220)).
24
Let t be -2 + 4 + 2 + 13. Suppose -9*w = -t*w + 16. Calculate the remainder when (-4)/(w - (-9)/(-4)) is divided by 2.
0
Suppose 4*m + 4 = 2*q, -q - 4*m = -4*q + 16. Let u = -6 + 12. What is the remainder when q is divided by u?
0
Let i(h) = h**2 + 24*h - 27. Let o be i(-25). Suppose -y + 5*y = 5*g - 45, g + 5*y - 38 = 0. Calculate the remainder when (0 - 124/o)*(-9)/(-9) is divided by g.
10
Suppose -867*b = -952*b + 154190. What is the remainder when b is divided by 17?
12
Let s = -415 - -646. Suppose 51*v - s = 44*v. Calculate the remainder when 228 is divided by v.
30
Suppose 3*t = -0*t + 225. Let g = -525 - -522. What is the remainder when t/((-7 - g) + 5) is divided by 26?
23
Let h = 417 - -841. Calculate the remainder when h is divided by 12.
10
Suppose 4*c - 3 = 77. Suppose 30*d - c = 34*d. Calculate the remainder when (-187)/(-4) + (d - -8)/12 is divided by 25.
22
Let x = -10009 - -10017. Let b(s) = -2*s - 4. Suppose -4*z - 27 = 9. Calculate the remainder when b(z) is divided by x.
6
Let d = 2762 + -2733. Suppose 4*z + 21 = -7. What is the remainder w